-6*h - h. Suppose 2*u - s = -3*s + h, -3*u = -4*s + 4. Suppose 0 = 2*o + 4*g - 106, 3*g = -u*o + 3*o - 114. What is the units digit of o?
3
Let m = -131 + 160. Suppose -25*f - 864 = -m*f. Let c = -125 + f. What is the units digit of c?
1
Let q(p) = -34*p - 1. Let j be q(-2). Let v = -1900 - -1928. Suppose -m = -v - j. What is the units digit of m?
5
Let a(t) = t**3 - 89*t**2 - 286*t + 75. What is the tens digit of a(93)?
7
Suppose 66948 = 6712*s - 6708*s. What is the ten thousands digit of s?
1
Let o be (-12)/(-3) + 24/(-6). Suppose o = -6*a + 4*a + 76. Suppose 0 = -4*l - 0 - 12, -n - 5*l + a = 0. What is the units digit of n?
3
Let f(p) be the third derivative of p**5/60 - p**4/8 + p**3/3 + 5*p**2. Let u be f(2). Suppose 0 = -u*k - 2*k + 162. What is the units digit of k?
1
Let w = -1401 + 837. Let s = w - -1463. What is the hundreds digit of s?
8
What is the hundreds digit of (-75)/30*(-279076)/35?
9
Let i be 4 + 2*(-2)/2. Suppose -2*q + 16 = -3*z, 0 = -q - 2*z - 4 - 2. Suppose -i*d - 13 = -3*o, 2*o = -3*o - q*d + 27. What is the units digit of o?
5
Let r(z) = -5*z**2 - 5*z. Let v(x) = -x**3 - 5*x**2 - 2. Let m be v(-5). Let g be r(m). Let n = 42 + g. What is the tens digit of n?
3
What is the thousands digit of (28605/12)/(189/(-56) + 4)?
3
Let c be (-3)/(12/(-28) + 0). Let h be 1 - 0 - -394 - (c + -4). Suppose h = -25*s + 29*s. What is the units digit of s?
8
Let s be ((-153)/(-27) + -6)/((-1)/9). Suppose 3*n + 855 = 3*t, s*n + 307 = 4*t - 836. What is the units digit of t?
8
Let c(r) = -r**2 - 33*r - 58. Let p be c(-31). Suppose -5*m + 1373 = 2*f - 120, -p*m - 2228 = -3*f. What is the units digit of f?
4
Suppose 4*b + 504*y - 503*y - 72080 = 0, 2*b - 36040 = 4*y. What is the hundreds digit of b?
0
Let k(q) = 2*q + 26. Let u be k(-12). Suppose -y - 1116 = -3*o, 4*o + u*y - 350 = 1128. What is the hundreds digit of o?
3
Let q(r) = 1660*r + 32. What is the units digit of q(2)?
2
Suppose 2*f = 4*n - 16, -3*f + 46 = -5*f - 2*n. Let b be 4/3*(42 - -9). Let p = f + b. What is the tens digit of p?
5
Let o(d) = d + 3*d**2 + 8*d**2 - 12*d**2. Let g(b) = 8*b**2 - 5*b + 71. Let m(v) = g(v) + 5*o(v). What is the tens digit of m(0)?
7
What is the units digit of (4/(-8))/((-2)/34056)?
4
Suppose -4275490 = 521*q - 643*q. What is the hundreds digit of q?
0
Suppose -2*i - 3*n + 22081 = 0, -44154 = 16*i - 20*i + 2*n. What is the hundreds digit of i?
0
Let q(m) = m + 507. Let p be q(0). Let n = p + -227. Suppose 0 = -d - 4*d + n. What is the units digit of d?
6
Let j = -7458 + 26000. What is the units digit of j?
2
Let c(y) = 13*y - 16. Let u(p) = -26*p + 32. Let w(g) = 13*c(g) + 6*u(g). Let f be 96/20 + 20/(-25). What is the units digit of w(f)?
6
What is the thousands digit of (-8274)/180*-2043 + 1/10?
3
Let o(q) = q**2 - 18*q - 1. Let x be (-4 - 2)*(-14)/6. Let c be o(x). Let f = -33 - c. What is the tens digit of f?
2
Let j = -1794 + 3418. Let g = -1126 + j. What is the tens digit of g?
9
Let j(f) = f + 5. Suppose 3*l + 15*l = -0*l. Let i be j(l). What is the units digit of -1 - (-80*14)/i?
3
Let r(s) = -387*s - 3589. What is the ten thousands digit of r(-43)?
1
Let p = -2507 + 6055. What is the tens digit of p?
4
Let k(v) = 71*v**2 - 1617*v + 69. What is the hundreds digit of k(39)?
9
What is the thousands digit of 906/(-4983) - (-51911)/11?
4
Suppose -53*l + 53944 = -45*l. What is the hundreds digit of l?
7
What is the units digit of (5/(-9))/(132/(-4320756))?
5
Suppose 4*w + 4*v = 816, 25 - 10 = 5*v. Suppose -6*t = -3*t - w. What is the units digit of t?
7
Suppose 4*f + 2221 = m, -366*m + 4490 = -364*m + 4*f. What is the units digit of m?
7
Let o be ((-1080)/225)/((-2)/(-5)). What is the units digit of o/78 - 126376/(-104)?
5
Let l(v) = 795*v - 249. What is the units digit of l(9)?
6
Let k be (-3)/5 - 46/(-10). Suppose k*p = -p. Suppose p = 2*r + 4, -3*r - 171 = -3*o - 0*o. What is the units digit of o?
5
Let h(g) = g**3 - 2*g**2 - 12*g - 1. Let s(y) = 2*y**3 - y**2 - 13*y - 2. Let a(r) = 3*h(r) - 2*s(r). Let o be 0 - (36 + -6)/6. What is the tens digit of a(o)?
7
Suppose -4*g + 1346 + 5902 = -2*u, 2*g + u = 3632. What is the thousands digit of g?
1
Let z = 69 + -56. Suppose 2*x - 5640 = -z*x. Let q = -252 + x. What is the hundreds digit of q?
1
Let k be 6/(-11) - 12972/(-66). Let r = 463 - k. What is the hundreds digit of r?
2
Suppose -5*o + 130354 = -2*b, -88 = -5*b - 98. What is the tens digit of o?
7
Let h = -39 - 27. Let u = h - -71. Suppose -u*x + 557 = 9*s - 6*s, 4*x - 181 = -s. What is the tens digit of s?
8
Let l(i) be the second derivative of 27*i**5/20 - i**4/6 + i**3/2 - i**2 + 2*i. Let j = 388 - 387. What is the units digit of l(j)?
6
Let c(l) = 7*l - 8*l - 5 + 1 - 5. Let a be c(-7). What is the units digit of (0/4 + -47)*a?
4
What is the tens digit of ((-48)/(-72))/(3/2 + (-33802)/22536)?
1
Let y = -3691 - -17388. What is the tens digit of y?
9
What is the tens digit of 18993/15 + (-264)/(-330)?
6
Let r(i) = -8*i**2 + 14*i - 40. Let j(d) = 8*d**2 - 13*d + 38. Let v(k) = 7*j(k) + 6*r(k). Suppose 4*f = -0*f + 20. What is the hundreds digit of v(f)?
1
Let s(n) = -n**3 - 4*n**2 + 10*n - 1. Let d(g) = -g**2 - 9*g + 6. Let j be d(-9). Let z = j + -13. What is the tens digit of s(z)?
7
What is the thousands digit of (-1437060)/1161*(13/(-2) + 2)?
5
Let i(n) be the first derivative of -n**4/4 - 3*n**3 - 3*n**2/2 + 3. Let f be i(-9). What is the units digit of 142/6 - 18/f?
3
Suppose 5359 = 3*q - 4*i - 1123, -5*i = -4*q + 8642. What is the tens digit of q?
5
Let j = -1544 + 857. Let o = j + 2306. What is the units digit of o?
9
Suppose -1033*n + 2073*n = 1031*n + 314163. What is the units digit of n?
7
Let x(f) = -7*f + 16. Suppose 0 = -2*w + 5*v + 6, -3*v = -2*w - v. Let n be (4 - 0/(-4))*w. What is the tens digit of x(n)?
7
Suppose 4*n = -2*t + 12, 5*t = 5*n + 3*t - 6. Suppose 4*x - n*w = 686, -x + w - 176 = -2*x. What is the units digit of x?
3
Let p(k) = -k**2 + 15*k - 7. Let w be p(14). Let l = w + -58. Let j = 85 + l. What is the tens digit of j?
3
Let l = -122 - -172. Let u = l + -58. What is the units digit of (-174)/u - (0 + (-5)/20)?
2
Suppose -2*d - 3*d - 2*x = 58, -3*x = d + 22. Let c = 356 - d. What is the hundreds digit of c?
3
Suppose -134*j + 4434527 = -6956277. What is the thousands digit of j?
5
Suppose 2*s - 5 = 9. What is the tens digit of 88/2 + 35/s?
4
Let d be -4 + ((-27)/(-18))/(1/424). Suppose 0 = r - 5*x - 286, -d = -2*r - 0*r - 2*x. What is the hundreds digit of r?
3
Let x(r) = -2*r**3 + 16*r**2 - 10*r + 8. Let c be x(7). What is the tens digit of (-36328)/(-35) + c/630?
3
Suppose 4*j - 102080 = -5*g, 0 = -j - 5*g + 9967 + 15553. What is the units digit of j?
0
Let t(w) = w. Let l(m) = 31*m - 6. Let r(g) = g**2 - 4*g - 1. Let b be r(3). Let c(p) = b*t(p) + l(p). What is the tens digit of c(1)?
2
Suppose 6*f - 3 = 9. Let g be (14 + -2)*4/8. Suppose 0 = f*b - g, -570 = -3*t - 0*b - b. What is the hundreds digit of t?
1
Suppose -p = -x - 12897, -4*x - 146 + 118 = 0. What is the thousands digit of p?
2
Let y(r) = -69*r - 40. Let i be y(4). Let a = i - -926. What is the hundreds digit of a?
6
Suppose 2*t = 9*t - 108066. What is the tens digit of t/33 + -2*5/(-55)?
6
Let l(r) be the second derivative of r**5/10 + 29*r**4/6 + 15*r**3 - 7*r**2/2 + 3*r + 11. What is the thousands digit of l(-26)?
1
Suppose 2*m - 16 = -11*c + 7*c, m = -4*c + 14. Suppose 8*t - 2*v + 1142 = 12*t, 3*v = -c. What is the tens digit of t?
8
Let j(y) be the first derivative of y**4/4 + 4*y**3 - 6*y**2 + 11*y - 9. Let l be j(-13). What is the units digit of (-1)/l - 133/(-14)?
0
Suppose 6*p - 231 - 633 = 0. Suppose -36 = 5*v + p. What is the units digit of (116/6 - 4)/((-4)/v)?
8
What is the units digit of 41/(1148/67340) + 6 + 0?
1
Let m be (-4 - -3)*71*-1. Let b be 17/((-85)/(-30)) + 26*-2. Let a = m + b. What is the units digit of a?
5
Let b(v) = -5*v**2 - v - 4. Let i(x) = -9*x**2 - 2*x - 7. Let r(g) = 5*b(g) - 3*i(g). Let t(y) = -3*y + 27. Let d be t(9). What is the units digit of r(d)?
1
Let x be (-1)/3*(6 - 39). Suppose -v = 2*p - 9, -3*v - 3*p = -5*v + x. Suppose v = 4*y - 273. What is the units digit of y?
0
Suppose -19*k - 3689 + 27819 = 0. Suppose -k = 4*q + 4*x - 5934, q - 2*x = 1160. What is the thousands digit of q?
1
Let u be (12/(-8)